{"id":3899,"date":"2019-12-07T18:10:41","date_gmt":"2019-12-07T17:10:41","guid":{"rendered":"https:\/\/ichs2020poznan.pl\/pl\/?page_id=3899"},"modified":"2022-05-19T10:25:47","modified_gmt":"2022-05-19T08:25:47","slug":"komisje-afiliowane","status":"publish","type":"page","link":"https:\/\/ichs2020poznan.pl\/pl\/komisje-afiliowane\/","title":{"rendered":"KOMISJE AFILIOWANE"},"content":{"rendered":"<p><\/p>\n<p style=\"text-align: center;\"><span style=\"color: #000080;\">Komisje afiliowane przy Mi\u0119dzynarodowego Komitetu Nauk Historycznych w ramach Kongresu tradycyjnie organizuj\u0105 w\u0142asne sesje.<br \/>\nDecyzj\u0105 Zarz\u0105du MKNH, zgodnie z wieloletni\u0105 praktyk\u0105, b\u0119d\u0105 si\u0119 one odbywa\u0142y w czwartek<br \/>\n<strong>25 sierpnia<\/strong> (po po\u0142udniu) oraz w pi\u0105tek <strong>26 sierpnia 2022<\/strong> roku (przed po\u0142udniem i po po\u0142udniu).<br \/>\nKa\u017cda komisja otrzyma do swojej dyspozycji jedn\u0105 sal\u0119 multimedialn\u0105.<\/span><\/p>\n<p style=\"text-align: center;\"><span style=\"color: #000080;\">Wszyscy uczestnicy sesji komisji afiliowanych musz\u0105 zarejestrowa\u0107 si\u0119 w systemie rejestracyjnym Kongresu.<br \/>\n<\/span><span style=\"color: #000080;\">Organizatorzy i referenci w procesie rejestracji musz\u0105 wybra\u0107 z listy sesj\u0119, w kt\u00f3rej bior\u0105 udzia\u0142.<\/span><br \/>\n<span style=\"color: #000080;\">Organizatorzy paneli s\u0105 zwolnieni z op\u0142aty kongresowej!<\/span><\/p>\n<p><span style=\"color: #000080;\"><strong>Kontakt:<\/strong><\/span><br \/>\n<span style=\"color: #000080;\"><strong>prof. Katarzyna Balbuza<\/strong><\/span><br \/>\n<span style=\"color: #3366ff;\">affiliated.commission2020@gmail.com<\/span><\/p>","protected":false},"excerpt":{"rendered":"<p>Komisje afiliowane przy Mi\u0119dzynarodowego Komitetu Nauk Historycznych w ramach Kongresu tradycyjnie organizuj\u0105 w\u0142asne sesje. Decyzj\u0105 Zarz\u0105du MKNH, zgodnie z wieloletni\u0105 praktyk\u0105, b\u0119d\u0105 si\u0119 one odbywa\u0142y w czwartek 25 sierpnia (po po\u0142udniu) oraz w pi\u0105tek 26 sierpnia 2022 roku (przed po\u0142udniem i po po\u0142udniu). Ka\u017cda komisja otrzyma do swojej dyspozycji jedn\u0105 sal\u0119 multimedialn\u0105. Wszyscy uczestnicy sesji komisji afiliowanych musz\u0105 zarejestrowa\u0107 si\u0119 w systemie rejestracyjnym Kongresu. Organizatorzy i referenci w procesie rejestracji musz\u0105 wybra\u0107 z listy sesj\u0119, w kt\u00f3rej bior\u0105 udzia\u0142. Organizatorzy paneli s\u0105 zwolnieni z op\u0142aty kongresowej! Kontakt: prof. Katarzyna Balbuza affiliated.commission2020@gmail.com<\/p>\n","protected":false},"author":4,"featured_media":0,"parent":0,"menu_order":0,"comment_status":"closed","ping_status":"closed","template":"","meta":[],"_links":{"self":[{"href":"https:\/\/ichs2020poznan.pl\/pl\/wp-json\/wp\/v2\/pages\/3899"}],"collection":[{"href":"https:\/\/ichs2020poznan.pl\/pl\/wp-json\/wp\/v2\/pages"}],"about":[{"href":"https:\/\/ichs2020poznan.pl\/pl\/wp-json\/wp\/v2\/types\/page"}],"author":[{"embeddable":true,"href":"https:\/\/ichs2020poznan.pl\/pl\/wp-json\/wp\/v2\/users\/4"}],"replies":[{"embeddable":true,"href":"https:\/\/ichs2020poznan.pl\/pl\/wp-json\/wp\/v2\/comments?post=3899"}],"version-history":[{"count":10,"href":"https:\/\/ichs2020poznan.pl\/pl\/wp-json\/wp\/v2\/pages\/3899\/revisions"}],"predecessor-version":[{"id":5614,"href":"https:\/\/ichs2020poznan.pl\/pl\/wp-json\/wp\/v2\/pages\/3899\/revisions\/5614"}],"wp:attachment":[{"href":"https:\/\/ichs2020poznan.pl\/pl\/wp-json\/wp\/v2\/media?parent=3899"}],"curies":[{"name":"wp","href":"https:\/\/api.w.org\/{rel}","templated":true}]}}

<p></p>
<p style="text-align: center;"><span style="color: #000080;">Komisje afiliowane przy Międzynarodowego Komitetu Nauk Historycznych w ramach Kongresu tradycyjnie organizują własne sesje.<br />
Decyzją Zarządu MKNH, zgodnie z wieloletnią praktyką, będą się one odbywały w czwartek<br />
<strong>25 sierpnia</strong> (po południu) oraz w piątek <strong>26 sierpnia 2022</strong> roku (przed południem i po południu).<br />
Każda komisja otrzyma do swojej dyspozycji jedną salę multimedialną.</span></p>
<p style="text-align: center;"><span style="color: #000080;">Wszyscy uczestnicy sesji komisji afiliowanych muszą zarejestrować się w systemie rejestracyjnym Kongresu.<br />
</span><span style="color: #000080;">Organizatorzy i referenci w procesie rejestracji muszą wybrać z listy sesję, w której biorą udział.</span><br />
<span style="color: #000080;">Organizatorzy paneli są zwolnieni z opłaty kongresowej!</span></p>
<p><span style="color: #000080;"><strong>Kontakt:</strong></span><br />
<span style="color: #000080;"><strong>prof. Katarzyna Balbuza</strong></span><br />
<span style="color: #3366ff;">affiliated.commission2020@gmail.com</span></p>

<p>Komisje afiliowane przy Międzynarodowego Komitetu Nauk Historycznych w ramach Kongresu tradycyjnie organizują własne sesje. Decyzją Zarządu MKNH, zgodnie z wieloletnią praktyką, będą się one odbywały w czwartek 25 sierpnia (po południu) oraz w piątek 26 sierpnia 2022 roku (przed południem i po południu). Każda komisja otrzyma do swojej dyspozycji jedną salę multimedialną. Wszyscy uczestnicy sesji komisji afiliowanych muszą zarejestrować się w systemie rejestracyjnym Kongresu. Organizatorzy i referenci w procesie rejestracji muszą wybrać z listy sesję, w której biorą udział. Organizatorzy paneli są zwolnieni z opłaty kongresowej! Kontakt: prof. Katarzyna Balbuza affiliated.commission2020@gmail.com</p>
